hat is 31e + 9c04?
a023
In base 14, what is -51 + -7d9053?
-7d90a4
In base 13, what is 28b901 - 8?
28b8c6
In base 2, what is 1010001010001100011 - -10100111?
1010001010100001010
In base 8, what is 351705725 + -3?
351705722
In base 6, what is -2 + -3211310352?
-3211310354
In base 5, what is -20033334 - -12?
-20033322
In base 9, what is -626 - -1165406?
1164670
In base 10, what is -356262532 + 0?
-356262532
In base 13, what is 85 + -3b470?
-3b3b8
In base 9, what is 122354 - -126?
122481
In base 9, what is -3 - 122111337?
-122111341
In base 6, what is -3 - -124040520?
124040513
In base 8, what is 307360573 - -15?
307360610
In base 12, what is -77 - 338a773?
-338a82a
In base 13, what is -37 + 253787?
253750
In base 10, what is 610 - 1993?
-1383
In base 13, what is -12114b2 + 78?
-1211437
In base 13, what is -3431c + aa7?
-33545
In base 11, what is -92759950 - 4?
-92759954
In base 14, what is -5 - 7b72d66?
-7b72d6b
In base 14, what is 3a359 + 5?
3a360
In base 15, what is 62e - -5c762?
5cd91
In base 5, what is 132401124 + -111?
132401013
In base 16, what is -20 - -101d8c?
101d6c
In base 11, what is -3 + -3763a38?
-3763a40
In base 15, what is 172b8 - -29?
172e2
In base 5, what is 1012021043041 - -3?
1012021043044
In base 13, what is -3cab0 - 1b?
-3cacb
In base 10, what is 7597 + -959?
6638
In base 11, what is 408147 + -29?
408119
In base 10, what is 31 + -535152?
-535121
In base 16, what is 5 + -200a007?
-200a002
In base 16, what is -1b70 - 1562?
-30d2
In base 13, what is 3185bc - -185?
318774
In base 11, what is 5162a - 158?
51482
In base 15, what is -2 + -4ba45?
-4ba47
In base 15, what is aa + d8580?
d863a
In base 14, what is 1 + -361a5692?
-361a5691
In base 15, what is 5 - -4224dc3?
4224dc8
In base 11, what is -5931a660 - 2?
-5931a662
In base 13, what is 203 + 8ac?
ab2
In base 16, what is -1d - 7de0e?
-7de2b
In base 3, what is 100021212001101220 - -12?
100021212001102002
In base 14, what is d0b19 + -9?
d0b10
In base 15, what is -7207ed6 - 5?
-7207edb
In base 11, what is -1 - 15277247a?
-152772480
In base 3, what is 1121001101222000001 + -12?
1121001101221222212
In base 3, what is -102202220220221000 - -10?
-102202220220220220
In base 11, what is 312392 + -358?
312035
In base 2, what is 1100011110100011 + 1000?
1100011110101011
In base 7, what is -1145501 + 240?
-1145231
In base 16, what is -bf6d + 1144?
-ae29
In base 11, what is -4 - 6a16930?
-6a16934
In base 9, what is 16 + 10538442?
10538458
In base 12, what is 848883 + -2a6?
848599
In base 4, what is -13200011 - -3313?
-13130032
In base 6, what is -10525505212 + 1?
-10525505211
In base 10, what is 4163 - -2824?
6987
In base 4, what is -1103320021222 + 2?
-1103320021220
In base 9, what is -81 + 114802?
114711
In base 9, what is 40448308 - 3?
40448305
In base 6, what is 1002 - 1512023?
-1511021
In base 11, what is 20 + 99aa03?
99aa23
In base 7, what is 1 - 4255656?
-4255655
In base 3, what is -1001100012 + 202200110?
-21122202
In base 4, what is -201233103 + -1110120?
-203003223
In base 16, what is 4c4 - 95072?
-94bae
In base 4, what is 31202120312 - -103?
31202121021
In base 4, what is -101012122120 - -1?
-101012122113
In base 9, what is -86022630 + -1?
-86022631
In base 7, what is -1521 - -66136?
64315
In base 5, what is 121 - 31032311?
-31032140
In base 5, what is -2333431 + -142143?
-3031124
In base 4, what is 1022 + 11330030111?
11330031133
In base 9, what is -6 + -706453?
-706460
In base 5, what is -112042114 - -1032?
-112041032
In base 13, what is -9027 + 409?
-891b
In base 10, what is 202600 + -61?
202539
In base 4, what is 2210110003 + -302?
2210103101
In base 13, what is 1345b98 + -8?
1345b90
In base 5, what is 24423033 - -214?
24423302
In base 8, what is -10 - 2233204?
-2233214
In base 7, what is 264266 - 33045?
231221
In base 2, what is -100100001 - 10010011010000?
-10010111110001
In base 6, what is -40 - -43530255?
43530215
In base 5, what is -33 + 1423300?
1423212
In base 6, what is 5 - 144353132?
-144353123
In base 13, what is -2b62 + 3a?
-2b25
In base 3, what is -111000 + 10022112111?
10022001111
In base 6, what is 3303224214 - 1?
3303224213
In base 16, what is aab + -111?
99a
In base 12, what is 642255 - -b?
642264
In base 6, what is 32 - 10152321?
-10152245
In base 5, what is -41031142 - -30302?
-41000340
In base 16, what is -1 - -1d7183?
1d7182
In base 5, what is 1 + -4144201313?
-4144201312
In base 11, what is 370376 - 149?
370228
In base 16, what is -201310d + -3?
-2013110
In base 11, what is -859 - -270015?
26a267
In base 11, what is -31018 + -23a?
-31257
In base 5, what is -40202241203 + -2?
-40202241210
In base 14, what is -11 + -b9743?
-b9754
In base 4, what is -20010 - -3022322?
3002312
In base 11, what is -16944 - 673?
-17507
In base 6, what is 12203121205 - 2?
12203121203
In base 14, what is 12b981 + 6a?
12ba0b
In base 2, what is -100000111 + 11001001010011?
11000101001100
In base 5, what is 210 - 30143010?
-30142300
In base 10, what is 26374 + -23839?
2535
In base 6, what is 114151220314 - 5?
114151220305
In base 8, what is 622723113 + -4?
622723107
In base 9, what is -181 + -816783?
-817074
In base 3, what is -202201 - -10202022212111?
10202022002210
In base 3, what is -1022221021102222022 - 0?
-1022221021102222022
In base 2, what is -10011101101110010 - 100100110001?
-10100010010100011
In base 8, what is -5547 - -263?
-5264
In base 7, what is -2 + -32060612?
-32060614
In base 7, what is -15535616 + -1?
-15535620
In base 2, what is 110110110011101100000 + 10111?
110110110011101110111
In base 15, what is 1b9 - 7498?
-72ce
In base 13, what is -118766a - -8?
-1187662
In base 10, what is 27081790 - -18?
27081808
In base 4, what is 12221 - -112313?
131200
In base 2, what is 100010 - -1011010111001000110?
1011010111001101000
In base 16, what is 34360a3 + 14?
34360b7
In base 15, what is -4664 - 5a1?
-4c15
In base 4, what is -2113303 - -120?
-2113123
In base 7, what is -63613266 + -2?
-63613301
In base 14, what is -7262 + a8d?
-65b3
In base 11, what is 27465a8 - 0?
27465a8
In base 4, what is 12212332303 + -12?
12212332231
In base 8, what is -3016423 - -13?
-3016410
In base 10, what is -205 - -35757?
35552
In base 8, what is 17012142 - -233?
17012375
In base 8, what is -25023 - -221655?
174632
In base 12, what is -81106 + -4?
-8110a
In base 8, what is -5210322 - 20?
-5210342
In base 3, what is -12212122111012202 + -2?
-12212122111012211
In base 12, what is -31a42942 - a?
-31a42950
In base 5, what is -111112044002 + -1?
-111112044003
In base 12, what is -3741a492 - 1?
-3741a493
In base 14, what is 16 + 12660b?
126623
In base 5, what is -221 + -33134212?
-33134433
In base 4, what is 1011221010103 - 11?
1011221010032
In base 13, what is -1 + -26457?
-26458
In base 13, what is -17b7c64 - 5?
-17b7c69
In base 12, what is 50b50a6 + -3?
50b50a3
In base 4, what is -12303212 - -200001?
-12103211
In base 6, what is -3 + -1120132313?
-1120132320
In base 13, what is -17867 - -406?
-17461
In base 7, what is 1 + 3350542165?
3350542166
In base 3, what is 111011 - -220010222?
220122010
In base 5, what is 3 + 3344233330?
3344233333
In base 10, what is 4 + -1722232?
-1722228
In base 3, what is 212111221002 + 1102?
212111222111
In base 11, what is 79761 + 32?
79793
In base 3, what is -10112212010 + 220202?
-10111221101
In base 3, what is 110 + -21012120221212?
-21012120221102
In base 10, what is -363453 - 70?
-363523
In base 15, what is 43c73 - -2?
43c75
In base 4, what is 3022 - -21202320021?
21202323103
In base 14, what is -aa1 + 1d85?
12c4
In base 7, what is -15213 + 44?
-15136
In base 8, what is -6002 - 7061?
-15063
In base 15, what is 17e7 + -24?
17c3
In base 8, what is 615 - -14413?
15230
In base 5, what is 3 - 140333403?
-140333400
In base 10, what is 2964 + 4163?
7127
In base 8, what is -25421150 + -20?
-25421170
In base 12, what is -4802b2 + 7?
-4802a7
In base 16, what is 8af1c - 14?
8af08
In base 9, what is -2283635005 + -1?
-2283635006
In base 11, what is -2597a919 - 4?
-2597a922
In base 8, what is 1 + 1473147515?
1473147516
In base 15, what is d71 - 1c4ab?
-1b63a
In base 7, what is 12202206322 - 1?
12202206321
In base 8, what is 412545 - 17763?
372562
In base 5, what is 103 - -2430203214?
2430203322
In base 9, what is 38608566 - 1?
38608565
In base 13, what is -18878 + -52?
-188